x).
-7
Let f(w) = w**3 + 7*w**2 - 8*w - 1. Suppose 5*h + 34 = -c - 2*c, -3*h - 32 = -4*c. What is f(h)?
-1
Let c(f) = f + 5. Let x = 4 - 9. Let d = x - -5. Give c(d).
5
Suppose 12*b + 16 = 8*b. Let h(x) = -x**3 - 2*x**2 - 4*x - 3. Let r(f) = 3*f**2 + 3*f**2 - 5*f**2 - f - 1. Let g(k) = h(k) - 2*r(k). What is g(b)?
7
Let h(t) = -t**3 - 6*t**2 - 7*t - 5. Let p be -5 + 0*(-1)/(-2). Give h(p).
5
Let r(f) = -2*f**2 - 4*f - 4. Let m be r(-3). Let s = 5 + m. Let b(w) = w**3 + 6*w**2 + 4*w - 2. Give b(s).
3
Let y be (-2)/(-5) - (-2)/(-5). Let n(i) = i + 3. Let h(j) = j - 1. Let a(f) = -2*h(f) + n(f). What is a(y)?
5
Let f(j) = -j**2 - j + 2. Let x = 1 - 4. Determine f(x).
-4
Suppose -7 = 3*s + a - 2, 1 = 2*s + 5*a. Let n be (-4)/2 - (-1 + s). Let w(d) = 4*d**3 + d**2 - 2*d + 1. Determine w(n).
4
Let v(o) = -4*o + 5. Let b(x) = 5*x - 6. Let n(u) = -5*b(u) - 6*v(u). Calculate n(3).
-3
Let s be (-2 + (-2 - -4))/(-2). Suppose 0*j - 3*j + 15 = 0. Let k(c) = s*c - 3*c - c**2 + j*c + 3. Calculate k(3).
0
Suppose -w = 11 + 2. Let g = w + 9. Let v(p) = 4*p**3 + 6*p**2 + 2*p + 1. Let z(d) = -d**3 + d - 1. Let q(u) = v(u) + 3*z(u). Determine q(g).
10
Let u be ((-3)/(-6))/((-2)/32). Let f(q) = -q**3 - 7*q**2 + 8*q - 1. What is f(u)?
-1
Let w(y) = y - 5. Suppose 25 = -4*f + 5*f. Suppose 2*j - 7*j = -f. What is w(j)?
0
Let c(a) be the first derivative of a**2/2 + 9*a + 9. What is c(-7)?
2
Let u(t) = 5*t**2 - 1. Let x(b) = -b**2 + b - 1. Let h(i) = -u(i) - 6*x(i). What is h(5)?
2
Let x(d) be the first derivative of 3*d**2/2 + 3*d - 11. What is x(-4)?
-9
Let z(j) be the second derivative of -7/6*j**3 - 7/12*j**4 + 1/2*j**2 + 6*j - 1/20*j**5 + 0. Suppose -33 = 4*c - 9. Calculate z(c).
7
Let j = -18 - -25. Let p(l) = -l**2 + 6*l + 3. Determine p(j).
-4
Let y(w) be the second derivative of -w**4/12 - w**3 - 3*w**2 - 9*w. Calculate y(-7).
-13
Let t(x) be the first derivative of x**5/40 - x**4/12 + x**3 + 2. Let v(f) be the third derivative of t(f). Calculate v(3).
7
Let t(r) = 15 + 15 + r - 28. What is t(4)?
6
Let l = -38 + 39. Let i(o) = -2*o**3 - o**2 + 1. Let q be i(-1). Let w = l + q. Let b(c) = -c**2 + 3. What is b(w)?
-6
Let j be ((-2)/4)/(4/(-24)). Let n(f) = -5*f**j + 0 + 4*f**3 - 2 + 6 - 3*f**2 + f. Calculate n(-3).
1
Let b(s) be the second derivative of -s**6/360 + s**5/60 - 5*s**4/24 - s**3/3 + s. Let i(r) be the second derivative of b(r). Determine i(4).
-13
Let g = 3 - 2. Let l be (1 - -2)/(2 - g). Let q(v) = v + 1. Let j(w) = 2*w - 1. Let z(o) = -j(o) + 3*q(o). What is z(l)?
7
Suppose 21 = 4*w + 3*q, -2*q = 5*w + 13 - 34. Suppose -w*y = -8*y + 10. Let h(g) = g + y*g - g**3 - 1 - g + 4*g**2. Calculate h(4).
7
Let y = 9 + -13. Let p(g) = g**3 + 3*g**2 - 3*g + 5. Calculate p(y).
1
Let t(s) = -4*s + 23. Let f(c) = 3*c - 16. Let o(l) = -7*f(l) - 5*t(l). Determine o(-6).
3
Let o(h) = -5*h**2 - h + 1. Let l(y) = 11*y**2 + 3*y - 2. Let j(u) = 6*l(u) + 13*o(u). Suppose -2*x - 25 = 3*x. Give j(x).
1
Suppose -n - 2 - 2 = 0. Let b(o) = -o**2 - 5*o - 6. Let c(i) = 2*i**2 + 10*i + 11. Let d(y) = -5*b(y) - 3*c(y). Calculate d(n).
1
Let d(w) = 2*w**2 + 0*w**2 - 3*w - 1 + 0*w**2. Let v(q) = -q**2 + 32*q - 84. Let n be v(29). What is d(n)?
8
Let v(n) = 14*n + 4. Let o(w) = -w - 1. Let x(i) = 5*o(i) + v(i). Let c be (-8 + 8)*2/(-4). Suppose 3*t - t - 2 = c. Give x(t).
8
Let n be (12/(-9))/((-1)/3). Suppose 0 = 2*j - 4*j + n. Let d = 3 - j. Let x(h) = 7*h**3 + h**2 + h - 1. Determine x(d).
8
Let w(s) be the second derivative of 1/12*s**4 - 1/2*s**3 + 0 + 2*s - 3*s**2. Suppose -f = -3*f + 10. Give w(f).
4
Let m(x) be the first derivative of x**2/2 + 8*x - 15. Let h = -12 - -8. Give m(h).
4
Let u(l) = l**2 - 2*l + 2. Let a be u(5). Let d = -21 + a. Let g(s) = 1 + 4 - s - 1. Determine g(d).
8
Let j(d) = 3*d + 3. Let n(v) = v**3 - 21*v**2 - 3. Let k be n(21). Determine j(k).
-6
Let k = -6 - -9. Suppose 7*t + a = 4*t, 0 = k*t + 5*a. Let m(g) = g**2. Determine m(t).
0
Let u(y) = y - 8. Let l be u(3). Let t(k) = -k**2 - 8*k - 7. Give t(l).
8
Suppose -5*m + 5*n + 5 + 0 = 0, 2*n = 3*m. Let d(k) = -k**2 + k + 2. Give d(m).
-4
Let l(d) = -d**2 + 4. Let j be l(0). Let z(h) = -h - 4. Let c(n) = -10*n - 45. Let g(r) = j*c(r) - 45*z(r). Calculate g(1).
5
Let o(n) = n**2 - 5*n + 4. Suppose 5*c = j + 4*j - 5, j + 2*c = 16. Give o(j).
10
Suppose 0*f - 2*f + 30 = -5*l, 3*l + 37 = 5*f. Let v(a) = a**3 + 4*a**2 + a - 5. What is v(l)?
-9
Let z(p) = 1 + 10*p**2 - 5*p**2 + 24*p - p**3 - 20*p + 2*p**3. What is z(-3)?
7
Let d(y) = -y + 1. Suppose 0*p = m + 3*p + 2, -4*m + 14 = p. Let k be (-1)/m - 1/(-4). Determine d(k).
1
Let w(z) = 2*z**2 + 1 + 2*z**2 + 2*z - 3*z**2. Suppose 20 = -4*y, -5*x - 3*y = -2*x. Suppose -3*o - 5*t = 3, -4*o - t = -x*t + 4. Give w(o).
0
Suppose 5*n - 15 = -0*n. Let d be (4/n)/((-1)/(-6)). Let k(u) = 0*u - 7 + d - u. Calculate k(1).
0
Let d(a) = -a. Suppose 5*n - 15 = -5*i, 4*n + 1 = 3*i - n. Let g be ((-11)/22)/(i/(-4)). Calculate d(g).
-1
Suppose 14 = -2*a + 3*u - 13, 4*u - 38 = 3*a. Let x(f) = f**3 + 5*f**2 - 6*f + 1. Give x(a).
1
Let z(b) be the first derivative of -b**4/4 - b**3 - b**2 + 4*b + 2. Give z(-3).
10
Let g(q) = 2*q - 8. Let h(z) = z - 1. Let v be 2/(-2)*(0 + 1). Let k(p) = v*g(p) + h(p). What is k(6)?
1
Let k(s) = -s**3 - s**2 - 1. Let x(p) = -p**3 - p**2 - 2. Let b(m) = -2*k(m) + x(m). Let g(t) = -3*t. Let z be g(-2). Let y = z + -6. Calculate b(y).
0
Let w be 4/(-4) - -3 - 3. Let z(u) = 5*u**3 + u**2 + 2*u + 3. Let q(s) = -s**3 + s**2 - s. Let x(r) = w*z(r) - 6*q(r). What is x(6)?
-15
Let f(a) = a**3 + 22*a**2 - 48*a + 8. Let i be f(-24). Let k(d) = -d**2 + 8*d + 9. Calculate k(i).
9
Let n(l) = 2*l + 0 + 1 - 2. Suppose -4*m + 8 = -3*x, 10 = 5*m + 4*x - x. Determine n(m).
3
Let v(l) = l - 1. Let h be -3*(3/9 + -1). Let f = -2 + h. Suppose f - 3 = -m. Determine v(m).
2
Let f(p) be the second derivative of p**5/20 - 5*p**4/12 - p**3/6 - p**2 - 14*p. Give f(5).
-7
Let z(a) = a - 3. Let g = 9 + -3. Let t be z(g). Let d(i) be the first derivative of 2*i**2 - 2*i - 1. Give d(t).
10
Let m(g) = -4*g + 4. Let i = 59 - 84. Let j = i - -28. Determine m(j).
-8
Let p(j) = 206*j - 8 - 207*j - 4. Calculate p(-6).
-6
Let f(t) = -2*t**2 - 3*t + 4. Suppose -5*o = -3*d - 102, 3*o = -0*o - 3*d + 42. Let c be 38/(-12) + 3/o. Calculate f(c).
-5
Suppose m - 3*t = 3, 3 - 5 = -2*m + 2*t. Let u(k) = k**3 - k**2 + k - 6. What is u(m)?
-6
Let a(k) be the second derivative of -2*k**3/3 - 3*k**2/2 + k. Determine a(-4).
13
Let l(n) = -n - 2. Let k(f) = -2*f - 10. Suppose -3*a - 3 + 6 = 0. Let c(j) = j. Let t(r) = a*c(r) + k(r). Let o be t(-6). Give l(o).
2
Let v(z) = 4*z**2 + 14*z - 3. Let k(c) = c**2 + c + 1. Let d(w) = 5*k(w) - v(w). Calculate d(6).
-10
Let r be (-2)/(((-8)/6)/(126/(-27))). Let u(c) = -c**2 - 10*c + 7. Give u(r).
28
Let h(s) = -2*s - 5. Let y(l) = 4. Let r(o) = 2*h(o) + 3*y(o). Give r(2).
-6
Let k(r) = 0*r - r**3 - r + 7*r - 4*r**2. Let h(g) = g**3 + 2*g**2 + 3*g + 1. Let x be h(-2). Let m = x + 0. What is k(m)?
-5
Let c(b) = 4*b**3 - 2*b**2 + 1. Let l(k) = k - 5. Let g be l(10). Let t = -4 + 4. Suppose 0 = -g*q - t*q + 5. Calculate c(q).
3
Let p(r) = 3*r + 2. Suppose 0 = -h + 4*j - 17, 0*h + h + 2 = -j. Give p(h).
-13
Let x(g) = 13*g**3 - g. Let q(y) = -y + 1. Let b be (-1)/(1 + (-6)/4). Let p be q(b). Determine x(p).
-12
Let m(j) = -9*j - 4. Suppose 10*r - 17*r = 21. Calculate m(r).
23
Let k(s) be the second derivative of -2*s - 5/2*s**2 - 1/12*s**4 + 0 + 1/20*s**5 + 0*s**3. Calculate k(0).
-5
Let q(v) = v**3 + 3*v**2 - 2*v - 1. Let n(t) = -t**3 - 2*t**2 + 2*t + 1. Suppose 4*w = -4*r - 16, w - 5*w = 2*r. Let b = 6 + r. Let m be n(b). What is q(m)?
5
Let p(c) be the second derivative of c**4/12 - 7*c**3/6 + 5*c**2 + 49*c. Give p(7).
10
Suppose 0 = 4*d - d. Suppose -2*f + 5 - 1 = d, 5*f = 3*s + 13. Let l(c) = -3*c - 1. Determine l(s).
2
Let l(z) = 2*z**3 - 2*z**2 - 2*z - 1. Let s(n) = n**3 + n + 6. Let m be s(0). Suppose 0 = -h - 2*h + m. Suppose h*k - 5 = 4*j - 1, 4*k = 0. Calculate l(j).
-3
Let i(p) = 2*p - 5. Let o be 5*3/9*3. Suppose 3*a + 19 = 5*y, 4*a - 3 - o = 0. Calculate i(y).
5
Let p(g) = -4*g**2 + 2*g - 1. Let w(u) = -9*u**2 + 4*u - 3. Let l(f) = 5*p(f) - 2*w(f). Calculate l(-1).
-3
Let b be (-1*(2 + -2))/2. Let q(o) = -1 - 2*o - 8*o + b*o. Suppose z + 3*v